e -2*m = -w*h - 20, -3*m = -5*m - 8. Calculate z(h).
-10
Let t(q) = -q**2 - 17*q - 19. Let r = -1312 - -1295. Calculate t(r).
-19
Let u(h) = h**3 + 2*h**2 + 3*h + 2. Suppose 5*s - 28 + 43 = 0. Determine u(s).
-16
Let g(i) = -i**3 - 8*i**2 + 11*i + 10. Let x be -5 - (5 - (-4 + 5)). What is g(x)?
-8
Let y(i) be the third derivative of i**5/30 - 17*i**4/24 - 23*i**3/6 + 522*i**2. Determine y(10).
7
Let t(y) = y**3 - 2*y**2 - y + 3. Suppose 5*p = -0*p + 25, 3*b = 4*p - 11. Let l(c) = 34*c**2 - 34*c**2 - 3*c**b. Let a be l(-1). Calculate t(a).
9
Let h(l) be the second derivative of -l**3/2 + 95*l. Suppose -4 = 3*z + 2. Determine h(z).
6
Let b be 7/1 + 2/(-2). Let v(g) = -2*g + 5. Let s(f) = -5*f + 16. Let h(t) = s(t) - 3*v(t). What is h(b)?
7
Let t = 84 - 82. Let i(p) = 9 + 0*p**2 + p**3 + 39*p - 47*p - 5*p**t. Determine i(6).
-3
Suppose -21 - 7 = 3*c - 4*y, 5*y + 73 = -3*c. Let x(j) = j**2 + 17*j + 8. Determine x(c).
-8
Let n(w) = -3*w**2 - 5*w + 3. Let k be (-2 + 1)*(10 + -8). Let i(u) = 7*u**2 + 9*u - 6. Let z(p) = k*i(p) - 5*n(p). Calculate z(-8).
5
Suppose 0 = -3*q - 0*o - 2*o + 82, -2*q + 52 = 4*o. Let y(z) = 3 + 11*z + 13*z - q*z. Let x be 0*1/2 + 2. Calculate y(x).
-5
Let n(o) = 15 + 15 + o - 31. Determine n(6).
5
Let i(s) = -s**3 + 10*s**2 + 12*s - 10. Let t be i(11). Let h(z) = 7*z - 6*z - 6*z + z + z. What is h(t)?
-3
Let u(v) be the third derivative of -v**8/6720 - v**7/1260 - v**6/720 - v**5/40 - v**4/6 - 8*v**2. Let b(p) be the second derivative of u(p). Calculate b(-3).
9
Let d(a) = -a + 6. Let o = -143 - -228. Let b = o - 79. Give d(b).
0
Let c(o) be the third derivative of -o**6/120 - o**5/60 - 13*o**2. Give c(0).
0
Let o(s) = s - 14. Let p(q) = q - 14. Let z(y) = 6*o(y) - 5*p(y). Determine z(9).
-5
Let t(z) = -2*z + 1 - 7282*z**2 + 7281*z**2 + z. Determine t(1).
-1
Let k = 6 - 4. Let h(m) = -2*m + 4. Let f be h(-4). Let b(j) = -2*j - j**2 + f - 12. Determine b(k).
-8
Suppose -16*d = 2*t - 21*d + 27, -2*d + 9 = t. Let p(a) = 9*a**3 - 2*a**2 + a + 2. Determine p(t).
-10
Let o = 2249 + -2256. Let y(g) = 2*g**3 + 15*g**2 + 6*g - 10. Give y(o).
-3
Let z = 634 + -636. Let p(o) = -o - 2. Give p(z).
0
Let s(h) be the third derivative of h**4/6 + 5*h**3/2 - 3*h**2 + 2. Let d(n) = -9*n - 31. Let o(g) = -3*d(g) - 7*s(g). Calculate o(0).
-12
Let h = -5 - -7. Let x(q) be the first derivative of -q**2/2 + q + 1693. Determine x(h).
-1
Let i(s) = -7*s - 26. Let l be i(-4). Let w(t) = t**3 - 3*t**2 + 3*t - 1. What is w(l)?
1
Let z = 0 - 1. Let c(h) be the second derivative of 2*h - 1/2*h**2 + 2/3*h**3 + 6. Give c(z).
-5
Let g(u) be the first derivative of -u**3/3 + 3*u**2 + 7*u + 1. Suppose -83 - 127 = -42*v. Give g(v).
12
Suppose -11*l = -6*l - 10. Let p(g) be the first derivative of 4 - g**l - 3*g + 2/3*g**3. Give p(3).
9
Let k(s) = s - 16. Suppose -62 = -4*x - 4*u + 6*u, -2*u - 10 = 0. Give k(x).
-3
Let g(b) be the third derivative of -1/2*b**3 + 0 + 1/12*b**5 + 0*b + b**2 - 1/120*b**6 + 0*b**4. Give g(4).
13
Let s(m) be the first derivative of 6*m**2 + m - 48. Give s(1).
13
Let r(l) be the first derivative of 3*l**2/2 - 2*l + 5. Let n(c) = -5*c + 5. Let o(j) = -4*n(j) - 7*r(j). Suppose 46 = 5*k + 16. Calculate o(k).
-12
Suppose 9*i + 121 = -1175. Let f be i/42 + 3/7. Let d(t) = -2*t - 1 - 2*t + 0. Determine d(f).
11
Let c(o) = -o**2 - 5*o + 2. Let l be c(-4). Let y(m) = -8*m + 2. Let v be ((-1)/(-2))/(5/(-10)). Let i(s) = s + 1. Let x(t) = v*y(t) - 6*i(t). Give x(l).
4
Let u be (-4)/(-2) - 2*-1. Let x be (-2 - -4) + 0/(-2) + 3. Let p(i) = 4*i - 9*i - i + x*i. What is p(u)?
-4
Let b(p) = p**3 - 6*p**2 + 6*p - 2. Let g be b(5). Let r(l) = 0*l + l**2 - l - g*l. Determine r(3).
-3
Suppose -5*s + 3*v - 45 = 0, -v = -0*v - 5. Let j(h) be the second derivative of h**4/12 + h**3 + 3*h**2/2 + 153*h. Determine j(s).
3
Suppose -x = -3, -4*i + 2*x = i + 16. Let w(p) = p**3 + 7*p**2 + 5*p + 1. Give w(i).
11
Let v(f) be the second derivative of f**4/12 - 5*f**3/2 + 33*f**2/2 - 23*f + 2. Give v(11).
-11
Let q(y) be the second derivative of -y**4/12 - 5*y**3/3 + 7*y**2/2 + 8*y. What is q(-6)?
31
Let h(p) = -3*p**3 - 5*p**2 - 2*p - p - 7 + 10*p**3 - 8*p**3. Calculate h(-5).
8
Suppose 17*r - 19 + 19 = 0. Let b(h) = -h**2 + h - 21. Determine b(r).
-21
Let d(l) = l + 1. Suppose -3*q + 6 = -3*i, -2 = -5*i - 3*q - 4. What is d(i)?
0
Let x(z) = z**3 - 3*z**2 + 2*z - 4. Let f = -11 - -17. Suppose -30 = -f*q + 3*q. Let r be 2/q - (-14)/5. Determine x(r).
2
Let s(k) = 2*k**2 - 5*k + 29. Let u(t) = -3*t**2 + 4*t - 36. Let q(y) = -4*s(y) - 3*u(y). Let x = -10 + 2. Determine q(x).
-8
Let n(f) = -3*f + 4. Let a(r) = -r**3 + 4*r**2 + 9. Let j be a(5). Let y(b) = 5*b - 10. Let m be y(6). Let s = j + m. Calculate n(s).
-8
Let h(d) = -d**3 + 7*d**2 - 8*d + 6. Let y be h(6). Let n = y - 0. Let m(j) = 3*j + 2. Let v(r) = 16*r + 11. Let q(f) = 11*m(f) - 2*v(f). Determine q(n).
-6
Let o(d) = -3*d + 1. Let j be 6/4 + -2 + 357/(-6). Let q be 15*((-5)/j)/(1/4). Determine o(q).
-14
Let y(v) = v**3 - 8*v**2 - 33*v + 2. Let w be y(11). Let x = -5 + 8. Let r(z) = x*z + w*z - 4*z + 0*z. Determine r(6).
6
Let m(d) be the second derivative of -d**4/24 + d**3/6 - 11*d. Let w(f) be the second derivative of m(f). Let h(y) = y. Let k(s) = h(s) + w(s). Calculate k(6).
5
Let c(i) = i**3 - 6*i**2 - 6*i - 6. Let r be c(7). Let p be r/(-6) - (-26)/12. Let z(f) = -3*f + 0*f**p - f**2 + 6*f + 6*f**2 + 1. What is z(-2)?
15
Suppose 0 = 3*q - 8 + 2. Let a(k) = -4 + 2 - 2 + q + k. Determine a(0).
-2
Let m be 0 + 1 + -1 - -29. Let j(v) = -33 + 62 - m + 4*v - v**2. Determine j(4).
0
Let n(o) = 2*o - 1. Let i(q) = 7*q + 8. Let p(g) = i(g) - 3*n(g). Let s = 22 - 30. What is p(s)?
3
Let y = -15 - -12. Let r be (-6 + (-1 - -2))/1. Let j(f) = -f - 9. Let m(s) = -s - 6. Let q(v) = r*j(v) + 8*m(v). Calculate q(y).
6
Let n(j) = 2*j**3 - 8*j**2 + 10*j - 5. Suppose 2*o - 4*o + 2*k = -4, o + 13 = -4*k. Let l(y) = y**3 + y**2 + y - 1. Let u(x) = o*l(x) + n(x). What is u(8)?
4
Suppose 0 = 3*x + 4*x - 35. Suppose -x*b + 43 = -92. Let f be (-8)/20 - b/(-5). Let r(p) = p. Give r(f).
5
Let j(g) be the third derivative of g**4/24 + g**2. Let t = -74 + 76. Give j(t).
2
Let m(n) = n**3 - 4*n**2 + 2*n - 3. Let k = 21 - 12. Suppose -5*s - f + 15 = -k, s = 4*f - 12. Give m(s).
5
Let a(b) = 472 + 2*b - 944 + 473 - b**2. Let g = -1 - -3. Suppose -5*t = 4*y - 2*t - 22, g*y = -2*t + 12. Determine a(y).
-7
Let i(h) = h**3 + 5*h**2 - 7*h - 3. Let l = 43 - 31. Let n(g) = -g**2 + 10*g + 17. Let s be n(l). Let q = s + 1. Calculate i(q).
3
Let q(p) = -p**3 - 4*p**2 + p + 1. Let m(w) = -w**3 - 2*w**2 - 2*w - 3. Let x be m(0). Give q(x).
-11
Let a = 197/6 + -32. Let n(k) be the third derivative of a*k**3 + 0 - 1/24*k**4 + k**2 + 0*k. Determine n(0).
5
Let q = -7 - -1. Let s = q - -1. Let k(y) = 3 - 2*y + 3 + 4*y. Determine k(s).
-4
Let b be (0 - -7) + 1*-3. Let g(p) be the first derivative of p**2 - p - 5. Let h(i) = i - 1. Let d(r) = b*h(r) - g(r). What is d(4)?
5
Let r = -11 - -17. Suppose -2*q - 2*u = u - r, -u = 0. Let y(f) = 3*f - 3. Give y(q).
6
Let z = 7 + -4. Let p(n) = 2*n**z - 2*n**2 + n**2 + n**3. Let c = -1740 + 1741. What is p(c)?
2
Let q(p) = 2*p**3 - p**2 + p + 1. Let l(m) = 2*m**2 - 6*m - 1. Let f(r) = -2*r - 3. Let a be f(-3). Let x be l(a). Determine q(x).
-3
Let w be 7 - 5/((-10)/6). Let z be 40/6 + w/(-15). Let c(k) = 3*k + z + 2 - 6. What is c(-3)?
-7
Let z be (-4)/22 + (112/11 - 6). Let t(i) = -3*i**2 + 7*i - 5. What is t(z)?
-25
Let b(k) = 3*k - 6. Suppose 2*t = 3*t + 2. Let s be 3*(-3 + 1)/t. Let g be -2*6/s*-1. What is b(g)?
6
Let z(k) = -6*k - 1 - 4 - 4 - 3*k + k**2. Give z(8).
-17
Let q be (5/(-3))/(1/3). Let p be 25/(-100) + 3/(-4). Let v(a) = -6*a - 11. Let b(f) = f + 1. Let y(z) = p*v(z) - 5*b(z). Calculate y(q).
1
Let r = 4 + -2. Let z(t) = 9 - r*t - 4 + 8*t - 5*t. Calculate z(-4).
1
Suppose -3*b - 4*j + 40 = b, -5*b = -2*j - 22. Let y(r) be the third derivative of -r**5/60 + r**4/8 + 2*r**3/3 + 14*r**2 - 41*r. What is y(b)?
-14
Suppose -d - 1 = -6, 35 = -3*k + 4*d. Let b(r) = r**2 - 4*r + 1. What is b(k)?
46
Let a(c) be the third derivative of -c**4/12 + 7*c**3/6 + 7*c**2 + 6*c. Let t = -3 + 7. Let u = 9 - t. Give a(u).
-3
Let m(j) = -2*j + 6. Let r(t) = -11*t + 13. Let x(q) = 5*q - 6. Let a(h) = 4*r(h) +